{"id":69,"date":"2025-04-08T00:46:38","date_gmt":"2025-04-07T22:46:38","guid":{"rendered":"https:\/\/p000341768.pwhost.de\/?page_id=69"},"modified":"2025-09-17T20:39:46","modified_gmt":"2025-09-17T18:39:46","slug":"about-me","status":"publish","type":"page","link":"https:\/\/anastasiafendelsopran.de\/?page_id=69","title":{"rendered":"About me"},"content":{"rendered":"\t\t<div data-elementor-type=\"wp-page\" data-elementor-id=\"69\" class=\"elementor elementor-69\">\n\t\t\t\t<div class=\"elementor-element elementor-element-0f4ba9e e-flex e-con-boxed e-con e-parent\" data-id=\"0f4ba9e\" data-element_type=\"container\" data-e-type=\"container\">\n\t\t\t\t\t<div class=\"e-con-inner\">\n\t\t\t\t<div class=\"elementor-element elementor-element-7458953 elementor-widget elementor-widget-heading\" data-id=\"7458953\" data-element_type=\"widget\" data-e-type=\"widget\" data-widget_type=\"heading.default\">\n\t\t\t\t<div class=\"elementor-widget-container\">\n\t\t\t\t\t<h2 class=\"elementor-heading-title elementor-size-default\">About Me<\/h2>\t\t\t\t<\/div>\n\t\t\t\t<\/div>\n\t\t\t\t\t<\/div>\n\t\t\t\t<\/div>\n\t\t<div class=\"elementor-element elementor-element-5fec24d e-flex e-con-boxed e-con e-parent\" data-id=\"5fec24d\" data-element_type=\"container\" data-e-type=\"container\" data-settings=\"{&quot;background_background&quot;:&quot;classic&quot;}\">\n\t\t\t\t\t<div class=\"e-con-inner\">\n\t\t\t\t<div class=\"elementor-element elementor-element-f73168c elementor-widget elementor-widget-image\" data-id=\"f73168c\" data-element_type=\"widget\" data-e-type=\"widget\" data-widget_type=\"image.default\">\n\t\t\t\t<div class=\"elementor-widget-container\">\n\t\t\t\t\t\t\t\t\t\t\t\t\t\t\t<img decoding=\"async\" src=\"https:\/\/anastasiafendelsopran.de\/wp-content\/uploads\/elementor\/thumbs\/Anastasia-Fendel_250305_KatharinaGebauer_0024-scaled-r4cny2obkqp4m4rbchwsyik5yn9q7dihxgocltrrts.jpg\" title=\"\" alt=\"\" loading=\"lazy\" \/>\t\t\t\t\t\t\t\t\t\t\t\t\t\t\t<\/div>\n\t\t\t\t<\/div>\n\t\t\t\t\t<\/div>\n\t\t\t\t<\/div>\n\t\t<div class=\"elementor-element elementor-element-46fba46 e-flex e-con-boxed e-con e-parent\" data-id=\"46fba46\" data-element_type=\"container\" data-e-type=\"container\" data-settings=\"{&quot;background_background&quot;:&quot;classic&quot;}\">\n\t\t\t\t\t<div class=\"e-con-inner\">\n\t\t\t\t<div class=\"elementor-element elementor-element-b6e0f6c elementor-widget elementor-widget-heading\" data-id=\"b6e0f6c\" data-element_type=\"widget\" data-e-type=\"widget\" data-widget_type=\"heading.default\">\n\t\t\t\t<div class=\"elementor-widget-container\">\n\t\t\t\t\t<h2 class=\"elementor-heading-title elementor-size-default\">Biografie<\/h2>\t\t\t\t<\/div>\n\t\t\t\t<\/div>\n\t\t\t\t\t<\/div>\n\t\t\t\t<\/div>\n\t\t<div class=\"elementor-element elementor-element-7222955 e-flex e-con-boxed e-con e-parent\" data-id=\"7222955\" data-element_type=\"container\" data-e-type=\"container\" data-settings=\"{&quot;background_background&quot;:&quot;classic&quot;}\">\n\t\t\t\t\t<div class=\"e-con-inner\">\n\t\t<div class=\"elementor-element elementor-element-484009c e-con-full e-flex e-con e-child\" data-id=\"484009c\" data-element_type=\"container\" data-e-type=\"container\">\n\t\t\t\t<div class=\"elementor-element elementor-element-6dd2a96 elementor-widget elementor-widget-image\" data-id=\"6dd2a96\" data-element_type=\"widget\" data-e-type=\"widget\" data-widget_type=\"image.default\">\n\t\t\t\t<div class=\"elementor-widget-container\">\n\t\t\t\t\t\t\t\t\t\t\t\t\t\t\t<img fetchpriority=\"high\" decoding=\"async\" width=\"683\" height=\"1024\" src=\"https:\/\/anastasiafendelsopran.de\/wp-content\/uploads\/2025\/04\/Anastasia-Fendel_250305_KatharinaGebauer_0157-scaled.jpg\" class=\"attachment-large size-large wp-image-228\" alt=\"\" srcset=\"https:\/\/anastasiafendelsopran.de\/wp-content\/uploads\/2025\/04\/Anastasia-Fendel_250305_KatharinaGebauer_0157-scaled.jpg 1707w, https:\/\/anastasiafendelsopran.de\/wp-content\/uploads\/2025\/04\/elementor\/thumbs\/Anastasia-Fendel_250305_KatharinaGebauer_0157-scaled-r4co1r7gotg3k3n1a7zzjdr4j6qlqvderqdgyfigkw.jpg 400w\" sizes=\"(max-width: 683px) 100vw, 683px\" \/>\t\t\t\t\t\t\t\t\t\t\t\t\t\t\t<\/div>\n\t\t\t\t<\/div>\n\t\t\t\t<\/div>\n\t\t<div class=\"elementor-element elementor-element-5f135cc e-con-full e-flex e-con e-child\" data-id=\"5f135cc\" data-element_type=\"container\" data-e-type=\"container\">\n\t\t\t\t<div class=\"elementor-element elementor-element-aa94f48 elementor-widget elementor-widget-text-editor\" data-id=\"aa94f48\" data-element_type=\"widget\" data-e-type=\"widget\" data-widget_type=\"text-editor.default\">\n\t\t\t\t<div class=\"elementor-widget-container\">\n\t\t\t\t\t\t\t\t\t<p>Anastasia Fendel stammt aus einer kleinen Stadt in Oberfranken, wo sie neben ihrer Muttersprache Deutsch auch mit der russischen Sprache aufwuchs. Bereits im fr\u00fchen Alter zeigte sich ihre Leidenschaft f\u00fcr Musik. Sie besuchte die Sing- und Musikschule in Kronach, wo sie zun\u00e4chst Violine lernte und sp\u00e4ter Gesangs- und Klavierunterricht erhielt. Rasch wurde klar: Ihre wahre musikalische Heimat liegt im Gesang.<\/p><p>Fr\u00fch sammelte sie B\u00fchnenerfahrung bei zahlreichen Konzerten der Musikschule und der Berufsfachschule f\u00fcr Musik in Kronach, wo sie nicht nur im Ensemble, sondern auch solistisch gl\u00e4nzen konnte. Die Berufsfachschule f\u00fcr Musik in Kronach besuchte sie f\u00fcr drei Jahre, bevor sie im Herbst 2021 ihr Gesangsstudium an der Hochschule f\u00fcr Musik in W\u00fcrzburg bei Prof. Alexandra Coku aufnahm. Nach ihrem erfolgreichen Bachelorabschluss im Sommer 2025 begann sie im Herbst desselben Jahres ihr Masterstudium mit dem Ziel, ihre stimmliche Tiefe und k\u00fcnstlerische Ausdruckskraft weiter zu verfeinern.\u00a0<\/p>\t\t\t\t\t\t\t\t<\/div>\n\t\t\t\t<\/div>\n\t\t\t\t<\/div>\n\t\t\t\t\t<\/div>\n\t\t\t\t<\/div>\n\t\t<div class=\"elementor-element elementor-element-52d6fdf e-flex e-con-boxed e-con e-parent\" data-id=\"52d6fdf\" data-element_type=\"container\" data-e-type=\"container\" data-settings=\"{&quot;background_background&quot;:&quot;classic&quot;}\">\n\t\t\t\t\t<div class=\"e-con-inner\">\n\t\t<div class=\"elementor-element elementor-element-57b1446 e-con-full e-flex e-con e-child\" data-id=\"57b1446\" data-element_type=\"container\" data-e-type=\"container\">\n\t\t\t\t<div class=\"elementor-element elementor-element-07bda97 elementor-widget elementor-widget-text-editor\" data-id=\"07bda97\" data-element_type=\"widget\" data-e-type=\"widget\" data-widget_type=\"text-editor.default\">\n\t\t\t\t<div class=\"elementor-widget-container\">\n\t\t\t\t\t\t\t\t\t<p>Bereits w\u00e4hrend ihrer Ausbildung war sie in mehreren professionellen Produktionen zu erleben. In der Spielzeit 2018\/2019 gab sie ihr Rollendeb\u00fct als \u201e1. Knabe\u201c in W. A. Mozarts \u201eDie Zauberfl\u00f6te\u201c am Coburger Landestheater. In derselben Spielzeit war sie zudem Mitglied des Extrachores und wirkte in den Produktionen von B. Brittens \u201ePeter Grimes\u201c und G. Bizets \u201eCarmen\u201c mit. Im Oktober 2023 wirkte sie au\u00dferdem bei der feierlichen Er\u00f6ffnungsgala mit Beethovens 9ter Sinfonie mit.<\/p><p>Seit 2021 ist sie regelm\u00e4\u00dfig am Mainfranken Theater W\u00fcrzburg engagiert &#8211; zun\u00e4chst als Chorgast, sp\u00e4ter auch als Solistin. Dort \u00fcbernahm sie im M\u00e4rz 2022 erneut die Partie des &#8222;1. Knaben&#8220; in Mozarts &#8222;Die Zauberfl\u00f6te&#8220;. Ihr Repertoire im Theaterchor umfasst ein breites musikalisches Spektrum, darunter Opern wie &#8222;Eugen Onegin&#8220; (Tschaikowski), &#8222;Hoffmanns Erz\u00e4hlungen&#8220; (Offenbach), &#8222;La clemenza di Tito&#8220;, &#8222;Die Zauberfl\u00f6te&#8220; (Mozart), &#8222;Lucia di Lammermoor&#8220; (Donizetti), &#8222;Falstaff&#8220;, &#8222;La Traviata&#8220; (Verdi), &#8222;Medea&#8220; (Cherubini) sowie Carmen (G. Bizet). Auch in gro\u00dfen Konzertproduktionen war sie zu h\u00f6ren, etwa in Haydns &#8222;Die Jahreszeiten&#8220;, Mahlers &#8222;2. Sinfonie&#8220; und weiteren Programmen mit gemischter Chorliteratur.<\/p><p>Im April 2024 feierte sie am Mainfranken Theater ihr Rollendeb\u00fct als Elfie in der Urauff\u00fchrung \u201eKarl und Anna\u201c von Christoph Ehrenfellner.\u00a0<\/p>\t\t\t\t\t\t\t\t<\/div>\n\t\t\t\t<\/div>\n\t\t\t\t<\/div>\n\t\t<div class=\"elementor-element elementor-element-b1d94d6 e-flex e-con-boxed e-con e-child\" data-id=\"b1d94d6\" data-element_type=\"container\" data-e-type=\"container\">\n\t\t\t\t\t<div class=\"e-con-inner\">\n\t\t\t\t<div class=\"elementor-element elementor-element-ae8dd05 elementor-widget elementor-widget-image\" data-id=\"ae8dd05\" data-element_type=\"widget\" data-e-type=\"widget\" data-widget_type=\"image.default\">\n\t\t\t\t<div class=\"elementor-widget-container\">\n\t\t\t\t\t\t\t\t\t\t\t\t\t\t\t<img decoding=\"async\" width=\"683\" height=\"1024\" src=\"https:\/\/anastasiafendelsopran.de\/wp-content\/uploads\/2025\/04\/Anastasia-Fendel_250305_KatharinaGebauer_0035-683x1024.jpg\" class=\"attachment-large size-large wp-image-217\" alt=\"\" srcset=\"https:\/\/anastasiafendelsopran.de\/wp-content\/uploads\/2025\/04\/Anastasia-Fendel_250305_KatharinaGebauer_0035-683x1024.jpg 683w, https:\/\/anastasiafendelsopran.de\/wp-content\/uploads\/2025\/04\/Anastasia-Fendel_250305_KatharinaGebauer_0035-200x300.jpg 200w, https:\/\/anastasiafendelsopran.de\/wp-content\/uploads\/2025\/04\/Anastasia-Fendel_250305_KatharinaGebauer_0035-768x1152.jpg 768w, https:\/\/anastasiafendelsopran.de\/wp-content\/uploads\/2025\/04\/Anastasia-Fendel_250305_KatharinaGebauer_0035-1024x1536.jpg 1024w, https:\/\/anastasiafendelsopran.de\/wp-content\/uploads\/2025\/04\/Anastasia-Fendel_250305_KatharinaGebauer_0035-1365x2048.jpg 1365w, https:\/\/anastasiafendelsopran.de\/wp-content\/uploads\/2025\/04\/Anastasia-Fendel_250305_KatharinaGebauer_0035-scaled.jpg 1707w\" sizes=\"(max-width: 683px) 100vw, 683px\" \/>\t\t\t\t\t\t\t\t\t\t\t\t\t\t\t<\/div>\n\t\t\t\t<\/div>\n\t\t\t\t\t<\/div>\n\t\t\t\t<\/div>\n\t\t\t\t\t<\/div>\n\t\t\t\t<\/div>\n\t\t<div class=\"elementor-element elementor-element-3689c9f e-flex e-con-boxed e-con e-parent\" data-id=\"3689c9f\" data-element_type=\"container\" data-e-type=\"container\">\n\t\t\t\t\t<div class=\"e-con-inner\">\n\t\t<div class=\"elementor-element elementor-element-391a8d5 e-con-full e-flex e-con e-child\" data-id=\"391a8d5\" data-element_type=\"container\" data-e-type=\"container\">\n\t\t\t\t<div class=\"elementor-element elementor-element-7d4ffd9 elementor-widget elementor-widget-image\" data-id=\"7d4ffd9\" data-element_type=\"widget\" data-e-type=\"widget\" data-widget_type=\"image.default\">\n\t\t\t\t<div class=\"elementor-widget-container\">\n\t\t\t\t\t\t\t\t\t\t\t\t\t\t\t<img decoding=\"async\" width=\"683\" height=\"1024\" src=\"https:\/\/anastasiafendelsopran.de\/wp-content\/uploads\/2025\/04\/Anastasia-Fendel_250305_KatharinaGebauer_0201-683x1024.jpg\" class=\"attachment-large size-large wp-image-353\" alt=\"\" srcset=\"https:\/\/anastasiafendelsopran.de\/wp-content\/uploads\/2025\/04\/Anastasia-Fendel_250305_KatharinaGebauer_0201-683x1024.jpg 683w, https:\/\/anastasiafendelsopran.de\/wp-content\/uploads\/2025\/04\/Anastasia-Fendel_250305_KatharinaGebauer_0201-200x300.jpg 200w, https:\/\/anastasiafendelsopran.de\/wp-content\/uploads\/2025\/04\/Anastasia-Fendel_250305_KatharinaGebauer_0201-768x1152.jpg 768w, https:\/\/anastasiafendelsopran.de\/wp-content\/uploads\/2025\/04\/Anastasia-Fendel_250305_KatharinaGebauer_0201-1024x1536.jpg 1024w, https:\/\/anastasiafendelsopran.de\/wp-content\/uploads\/2025\/04\/Anastasia-Fendel_250305_KatharinaGebauer_0201-1365x2048.jpg 1365w, https:\/\/anastasiafendelsopran.de\/wp-content\/uploads\/2025\/04\/Anastasia-Fendel_250305_KatharinaGebauer_0201-scaled.jpg 1707w\" sizes=\"(max-width: 683px) 100vw, 683px\" \/>\t\t\t\t\t\t\t\t\t\t\t\t\t\t\t<\/div>\n\t\t\t\t<\/div>\n\t\t\t\t<\/div>\n\t\t<div class=\"elementor-element elementor-element-c7a2579 e-con-full e-flex e-con e-child\" data-id=\"c7a2579\" data-element_type=\"container\" data-e-type=\"container\">\n\t\t\t\t<div class=\"elementor-element elementor-element-b97adf0 elementor-widget elementor-widget-text-editor\" data-id=\"b97adf0\" data-element_type=\"widget\" data-e-type=\"widget\" data-widget_type=\"text-editor.default\">\n\t\t\t\t<div class=\"elementor-widget-container\">\n\t\t\t\t\t\t\t\t\t<p>Es folgten weitere Engagements: Im Juni 2023 sprang Anastasia im Chor des Staatstheaters Darmstadt in der Oper \u201eEugen Onegin\u201c (P. I. Tschaikowski) ein und im November desselben Jahres war sie\u00a0als \u201eGianetta\u201c in Donizettis \u201eL\u00b4elisir d\u00b4amore\u201c\u00a0 in F\u00fcrstenfeldbruck zu erleben &#8211; unter der Regie von Birgit Kronshage und der musikalischen Leitung von Carolin Nordmeyer, der Dirigientin des akademischen Sinfonieorchester M\u00fcnchen.<\/p><p>Ihr n\u00e4chstes Highlight erwartete sie im Juli 2025, als sie als &#8222;Hannchen&#8220; in der Operette &#8222;Der Vetter aus Dingsda&#8220; (E. K\u00fcnneke) bei der Kammeroper Frankfurt am Main auf der B\u00fchne stehen durfte.<\/p>\t\t\t\t\t\t\t\t<\/div>\n\t\t\t\t<\/div>\n\t\t\t\t<\/div>\n\t\t\t\t\t<\/div>\n\t\t\t\t<\/div>\n\t\t<div class=\"elementor-element elementor-element-f088c27 e-flex e-con-boxed e-con e-parent\" data-id=\"f088c27\" data-element_type=\"container\" data-e-type=\"container\">\n\t\t\t\t\t<div class=\"e-con-inner\">\n\t\t<div class=\"elementor-element elementor-element-ad32ddd e-con-full e-flex e-con e-child\" data-id=\"ad32ddd\" data-element_type=\"container\" data-e-type=\"container\">\n\t\t\t\t<div class=\"elementor-element elementor-element-33e06c8 elementor-widget elementor-widget-text-editor\" data-id=\"33e06c8\" data-element_type=\"widget\" data-e-type=\"widget\" data-widget_type=\"text-editor.default\">\n\t\t\t\t<div class=\"elementor-widget-container\">\n\t\t\t\t\t\t\t\t\t<p>Wichtige Impulse f\u00fcr ihr Studium erhielt Anastasia in Meisterkursen bei Sir Thomas Allen, Thomas Quasthoff, Janet Williams, Laura Aikin und Wolfram Rieger.\u00a0<\/p><p>Im Januar 2023 gewann sie mit ihrer Pianistin Chen He den 3. Preis beim Seraphin-Wettbewerb f\u00fcr Lied-Duo. Desweiteren gewann Anastasia 2017 den 1. Preis im Wettbewerb \u201eJugend musiziert\u201c.\u00a0<\/p>\t\t\t\t\t\t\t\t<\/div>\n\t\t\t\t<\/div>\n\t\t\t\t<\/div>\n\t\t<div class=\"elementor-element elementor-element-c119ed3 e-con-full e-flex e-con e-child\" data-id=\"c119ed3\" data-element_type=\"container\" data-e-type=\"container\">\n\t\t\t\t<div class=\"elementor-element elementor-element-ce50bad elementor-widget elementor-widget-image\" data-id=\"ce50bad\" data-element_type=\"widget\" data-e-type=\"widget\" data-widget_type=\"image.default\">\n\t\t\t\t<div class=\"elementor-widget-container\">\n\t\t\t\t\t\t\t\t\t\t\t\t\t\t\t<img loading=\"lazy\" decoding=\"async\" width=\"683\" height=\"1024\" src=\"https:\/\/anastasiafendelsopran.de\/wp-content\/uploads\/2025\/04\/Anastasia-Fendel_250305_KatharinaGebauer_0167-683x1024.jpg\" class=\"attachment-large size-large wp-image-350\" alt=\"\" srcset=\"https:\/\/anastasiafendelsopran.de\/wp-content\/uploads\/2025\/04\/Anastasia-Fendel_250305_KatharinaGebauer_0167-683x1024.jpg 683w, https:\/\/anastasiafendelsopran.de\/wp-content\/uploads\/2025\/04\/Anastasia-Fendel_250305_KatharinaGebauer_0167-200x300.jpg 200w, https:\/\/anastasiafendelsopran.de\/wp-content\/uploads\/2025\/04\/Anastasia-Fendel_250305_KatharinaGebauer_0167-768x1152.jpg 768w, https:\/\/anastasiafendelsopran.de\/wp-content\/uploads\/2025\/04\/Anastasia-Fendel_250305_KatharinaGebauer_0167-1024x1536.jpg 1024w, https:\/\/anastasiafendelsopran.de\/wp-content\/uploads\/2025\/04\/Anastasia-Fendel_250305_KatharinaGebauer_0167-1365x2048.jpg 1365w, https:\/\/anastasiafendelsopran.de\/wp-content\/uploads\/2025\/04\/Anastasia-Fendel_250305_KatharinaGebauer_0167-scaled.jpg 1707w\" sizes=\"(max-width: 683px) 100vw, 683px\" \/>\t\t\t\t\t\t\t\t\t\t\t\t\t\t\t<\/div>\n\t\t\t\t<\/div>\n\t\t\t\t<\/div>\n\t\t\t\t\t<\/div>\n\t\t\t\t<\/div>\n\t\t<div class=\"elementor-element elementor-element-e7f938d e-flex e-con-boxed e-con e-parent\" data-id=\"e7f938d\" data-element_type=\"container\" data-e-type=\"container\" data-settings=\"{&quot;background_background&quot;:&quot;classic&quot;}\">\n\t\t\t\t\t<div class=\"e-con-inner\">\n\t\t\t\t<div class=\"elementor-element elementor-element-fdab8ba elementor-widget elementor-widget-spacer\" data-id=\"fdab8ba\" data-element_type=\"widget\" data-e-type=\"widget\" data-widget_type=\"spacer.default\">\n\t\t\t\t<div class=\"elementor-widget-container\">\n\t\t\t\t\t\t\t<div class=\"elementor-spacer\">\n\t\t\t<div class=\"elementor-spacer-inner\"><\/div>\n\t\t<\/div>\n\t\t\t\t\t\t<\/div>\n\t\t\t\t<\/div>\n\t\t\t\t\t<\/div>\n\t\t\t\t<\/div>\n\t\t<div class=\"elementor-element elementor-element-290fca3 e-flex e-con-boxed e-con e-parent\" data-id=\"290fca3\" data-element_type=\"container\" data-e-type=\"container\">\n\t\t\t\t\t<div class=\"e-con-inner\">\n\t\t\t\t<div class=\"elementor-element elementor-element-e1c268f elementor-widget elementor-widget-text-editor\" data-id=\"e1c268f\" data-element_type=\"widget\" data-e-type=\"widget\" data-widget_type=\"text-editor.default\">\n\t\t\t\t<div class=\"elementor-widget-container\">\n\t\t\t\t\t\t\t\t\t<p>Fotos: Katharina Gebauer<\/p>\t\t\t\t\t\t\t\t<\/div>\n\t\t\t\t<\/div>\n\t\t\t\t\t<\/div>\n\t\t\t\t<\/div>\n\t\t<div class=\"elementor-element elementor-element-7f3326c e-flex e-con-boxed e-con e-parent\" data-id=\"7f3326c\" data-element_type=\"container\" data-e-type=\"container\">\n\t\t\t\t\t<div class=\"e-con-inner\">\n\t\t\t\t<div class=\"elementor-element elementor-element-07e4e4a elementor-widget elementor-widget-spacer\" data-id=\"07e4e4a\" data-element_type=\"widget\" data-e-type=\"widget\" data-widget_type=\"spacer.default\">\n\t\t\t\t<div class=\"elementor-widget-container\">\n\t\t\t\t\t\t\t<div class=\"elementor-spacer\">\n\t\t\t<div class=\"elementor-spacer-inner\"><\/div>\n\t\t<\/div>\n\t\t\t\t\t\t<\/div>\n\t\t\t\t<\/div>\n\t\t\t\t\t<\/div>\n\t\t\t\t<\/div>\n\t\t<div class=\"elementor-element elementor-element-8b6c7a9 e-flex e-con-boxed e-con e-parent\" data-id=\"8b6c7a9\" data-element_type=\"container\" data-e-type=\"container\">\n\t\t\t\t\t<div class=\"e-con-inner\">\n\t\t\t\t<div class=\"elementor-element elementor-element-2a28f1f elementor-widget elementor-widget-wpzoom-social-icons-widget-cpt\" data-id=\"2a28f1f\" data-element_type=\"widget\" data-e-type=\"widget\" data-widget_type=\"wpzoom-social-icons-widget-cpt.default\">\n\t\t\t\t<div class=\"elementor-widget-container\">\n\t\t\t\t\t<div class=\"wpzoom-social-icons-post-shortcode\"><section class=\"zoom-social-icons-shortcode\">\n\t\t\n<ul class=\"zoom-social-icons-list zoom-social-icons-list--with-canvas zoom-social-icons-list--round zoom-social-icons-list--no-labels\">\n\n\t\t\n\t\t\t\t<li class=\"zoom-social_icons-list__item\">\n\t\t<a class=\"zoom-social_icons-list__link\" href=\"https:\/\/www.instagram.com\/anastasia_sopran\/\" target=\"_blank\" title=\"Instagram\" >\n\t\t\t\t\t\t\t\t\t\n\t\t\t\t\t\t<span class=\"screen-reader-text\">instagram<\/span>\n\t\t\t\n\t\t\t\t\t\t<span class=\"zoom-social_icons-list-span social-icon socicon socicon-instagram\" data-hover-rule=\"background-color\" data-hover-color=\"#e4405f\" style=\"background-color : #e4405f; font-size: 18px; padding:8px\" ><\/span>\n\t\t\t\n\t\t\t\t\t<\/a>\n\t<\/li>\n\n\t\n\t\t\t\t<li class=\"zoom-social_icons-list__item\">\n\t\t<a class=\"zoom-social_icons-list__link\" href=\"https:\/\/www.facebook.com\/himbeere.himbeerchen?rdid=9ixCH5nGwJFdAg6Z&#038;share_url=https%3A%2F%2Fwww.facebook.com%2Fshare%2F1A9ha4gvhx%2F#\" target=\"_blank\" title=\"Youtube\" >\n\t\t\t\t\t\t\t\t\t\n\t\t\t\t\t\t<span class=\"screen-reader-text\">facebook<\/span>\n\t\t\t\n\t\t\t\t\t\t<span class=\"zoom-social_icons-list-span social-icon socicon socicon-facebook\" data-hover-rule=\"background-color\" data-hover-color=\"#0866FF\" style=\"background-color : #0866FF; font-size: 18px; padding:8px\" ><\/span>\n\t\t\t\n\t\t\t\t\t<\/a>\n\t<\/li>\n\n\t\n\t\t\t\t<li class=\"zoom-social_icons-list__item\">\n\t\t<a class=\"zoom-social_icons-list__link\" href=\"https:\/\/www.youtube.com\/@anastasiasoprano\" target=\"_blank\" title=\"Youtube\" >\n\t\t\t\t\t\t\t\t\t\n\t\t\t\t\t\t<span class=\"screen-reader-text\">youtube<\/span>\n\t\t\t\n\t\t\t\t\t\t<span class=\"zoom-social_icons-list-span social-icon socicon socicon-youtube\" data-hover-rule=\"background-color\" data-hover-color=\"#e02a20\" style=\"background-color : #e02a20; font-size: 18px; padding:8px\" ><\/span>\n\t\t\t\n\t\t\t\t\t<\/a>\n\t<\/li>\n\n\t\n<\/ul>\n\n\t\t<\/section><\/div>\t\t\t\t<\/div>\n\t\t\t\t<\/div>\n\t\t\t\t\t<\/div>\n\t\t\t\t<\/div>\n\t\t\t\t<\/div>\n\t\t","protected":false},"excerpt":{"rendered":"<p>About Me Biografie Anastasia Fendel stammt aus einer kleinen Stadt in Oberfranken, wo sie neben ihrer Muttersprache Deutsch auch mit der russischen Sprache aufwuchs. Bereits im fr\u00fchen Alter zeigte sich ihre Leidenschaft f\u00fcr Musik. Sie besuchte die Sing- und Musikschule in Kronach, wo sie zun\u00e4chst Violine lernte und sp\u00e4ter Gesangs- und Klavierunterricht erhielt. Rasch wurde [&hellip;]<\/p>\n","protected":false},"author":1,"featured_media":0,"parent":0,"menu_order":0,"comment_status":"closed","ping_status":"closed","template":"","meta":{"footnotes":""},"class_list":["post-69","page","type-page","status-publish","hentry"],"_links":{"self":[{"href":"https:\/\/anastasiafendelsopran.de\/index.php?rest_route=\/wp\/v2\/pages\/69","targetHints":{"allow":["GET"]}}],"collection":[{"href":"https:\/\/anastasiafendelsopran.de\/index.php?rest_route=\/wp\/v2\/pages"}],"about":[{"href":"https:\/\/anastasiafendelsopran.de\/index.php?rest_route=\/wp\/v2\/types\/page"}],"author":[{"embeddable":true,"href":"https:\/\/anastasiafendelsopran.de\/index.php?rest_route=\/wp\/v2\/users\/1"}],"replies":[{"embeddable":true,"href":"https:\/\/anastasiafendelsopran.de\/index.php?rest_route=%2Fwp%2Fv2%2Fcomments&post=69"}],"version-history":[{"count":106,"href":"https:\/\/anastasiafendelsopran.de\/index.php?rest_route=\/wp\/v2\/pages\/69\/revisions"}],"predecessor-version":[{"id":1579,"href":"https:\/\/anastasiafendelsopran.de\/index.php?rest_route=\/wp\/v2\/pages\/69\/revisions\/1579"}],"wp:attachment":[{"href":"https:\/\/anastasiafendelsopran.de\/index.php?rest_route=%2Fwp%2Fv2%2Fmedia&parent=69"}],"curies":[{"name":"wp","href":"https:\/\/api.w.org\/{rel}","templated":true}]}}