{"id":19,"date":"2025-04-08T00:27:51","date_gmt":"2025-04-07T22:27:51","guid":{"rendered":"https:\/\/p000341768.pwhost.de\/?page_id=19"},"modified":"2026-01-23T21:45:27","modified_gmt":"2026-01-23T20:45:27","slug":"our-services","status":"publish","type":"page","link":"https:\/\/anastasiafendelsopran.de\/?page_id=19","title":{"rendered":"Repertoire"},"content":{"rendered":"\t\t<div data-elementor-type=\"wp-page\" data-elementor-id=\"19\" class=\"elementor elementor-19\">\n\t\t\t\t<div class=\"elementor-element elementor-element-0943dde e-flex e-con-boxed e-con e-parent\" data-id=\"0943dde\" data-element_type=\"container\" data-e-type=\"container\" data-settings=\"{&quot;background_background&quot;:&quot;classic&quot;}\">\n\t\t\t\t\t<div class=\"e-con-inner\">\n\t\t\t\t<div class=\"elementor-element elementor-element-adeb90b elementor-widget elementor-widget-heading\" data-id=\"adeb90b\" data-element_type=\"widget\" data-e-type=\"widget\" data-widget_type=\"heading.default\">\n\t\t\t\t<div class=\"elementor-widget-container\">\n\t\t\t\t\t<h2 class=\"elementor-heading-title elementor-size-default\">Repertoire<\/h2>\t\t\t\t<\/div>\n\t\t\t\t<\/div>\n\t\t\t\t\t<\/div>\n\t\t\t\t<\/div>\n\t\t<div class=\"elementor-element elementor-element-cc9e995 e-flex e-con-boxed e-con e-parent\" data-id=\"cc9e995\" data-element_type=\"container\" data-e-type=\"container\">\n\t\t\t\t\t<div class=\"e-con-inner\">\n\t\t\t\t<div class=\"elementor-element elementor-element-92d02c2 elementor-widget elementor-widget-image\" data-id=\"92d02c2\" data-element_type=\"widget\" data-e-type=\"widget\" data-widget_type=\"image.default\">\n\t\t\t\t<div class=\"elementor-widget-container\">\n\t\t\t\t\t\t\t\t\t\t\t\t\t\t\t<img decoding=\"async\" src=\"https:\/\/anastasiafendelsopran.de\/wp-content\/uploads\/elementor\/thumbs\/Anastasia-Fendel_250305_KatharinaGebauer_0125-mod-scaled-r4co0mshkkupsozi7dc1a5e6t9whnhzvsosun4bi04.jpg\" title=\"\" alt=\"\" loading=\"lazy\" \/>\t\t\t\t\t\t\t\t\t\t\t\t\t\t\t<\/div>\n\t\t\t\t<\/div>\n\t\t\t\t\t<\/div>\n\t\t\t\t<\/div>\n\t\t<div class=\"elementor-element elementor-element-0a29646 e-flex e-con-boxed e-con e-parent\" data-id=\"0a29646\" data-element_type=\"container\" data-e-type=\"container\" data-settings=\"{&quot;background_background&quot;:&quot;classic&quot;}\">\n\t\t\t\t\t<div class=\"e-con-inner\">\n\t\t\t\t<div class=\"elementor-element elementor-element-ca3cf36 elementor-widget elementor-widget-spacer\" data-id=\"ca3cf36\" data-element_type=\"widget\" data-e-type=\"widget\" data-widget_type=\"spacer.default\">\n\t\t\t\t<div class=\"elementor-widget-container\">\n\t\t\t\t\t\t\t<div class=\"elementor-spacer\">\n\t\t\t<div class=\"elementor-spacer-inner\"><\/div>\n\t\t<\/div>\n\t\t\t\t\t\t<\/div>\n\t\t\t\t<\/div>\n\t\t\t\t\t<\/div>\n\t\t\t\t<\/div>\n\t\t<div class=\"elementor-element elementor-element-1dab606 e-flex e-con-boxed e-con e-parent\" data-id=\"1dab606\" data-element_type=\"container\" data-e-type=\"container\" data-settings=\"{&quot;background_background&quot;:&quot;classic&quot;}\">\n\t\t\t\t\t<div class=\"e-con-inner\">\n\t\t\t\t<div class=\"elementor-element elementor-element-5a46925 elementor-widget elementor-widget-heading\" data-id=\"5a46925\" data-element_type=\"widget\" data-e-type=\"widget\" data-widget_type=\"heading.default\">\n\t\t\t\t<div class=\"elementor-widget-container\">\n\t\t\t\t\t<h2 class=\"elementor-heading-title elementor-size-default\">Oper<\/h2>\t\t\t\t<\/div>\n\t\t\t\t<\/div>\n\t\t\t\t\t<\/div>\n\t\t\t\t<\/div>\n\t\t<div class=\"elementor-element elementor-element-37df81a e-flex e-con-boxed e-con e-parent\" data-id=\"37df81a\" data-element_type=\"container\" data-e-type=\"container\" data-settings=\"{&quot;background_background&quot;:&quot;classic&quot;}\">\n\t\t\t\t\t<div class=\"e-con-inner\">\n\t\t\t\t<div class=\"elementor-element elementor-element-a27e2a0 elementor-widget elementor-widget-text-editor\" data-id=\"a27e2a0\" data-element_type=\"widget\" data-e-type=\"widget\" data-widget_type=\"text-editor.default\">\n\t\t\t\t<div class=\"elementor-widget-container\">\n\t\t\t\t\t\t\t\t\t<h5><span style=\"text-decoration: underline;\">aufgef\u00fchrt:<\/span><\/h5><ul><li><a href=\"https:\/\/anastasiafendelsopran.de\/?page_id=30#Karl-und-Anna\">Ehrenfellner: <strong>&#8222;Karl und Anna&#8220; (Urauff\u00fchrung)<\/strong> &#8211; Elfie<\/a><\/li><li><a href=\"https:\/\/anastasiafendelsopran.de\/?page_id=30#Lelisir-damore\">Donizetti: <strong>&#8222;L\u00b4elisir d\u00b4amore&#8220;<\/strong> &#8211; Gianetta<\/a><\/li><li><a href=\"https:\/\/anastasiafendelsopran.de\/?page_id=30#Zauberfl\u00f6te\">Mozart: <strong>&#8222;Die Zauberfl\u00f6te&#8220;<\/strong> &#8211; 1.Knabe<\/a><\/li><li><a href=\"https:\/\/anastasiafendelsopran.de\/?page_id=30#LeNozzeDiFigaro\">Mozart: <strong>&#8222;Le nozze di Figaro&#8220;<\/strong> &#8211; 1.Donna<\/a><\/li><\/ul><h5><span style=\"text-decoration: underline;\">studiert:<\/span><\/h5><ul><li>Beethoven: &#8222;<strong>Fidelio<\/strong>&#8220; &#8211; Marzeline<\/li><li>Mozart: &#8222;<strong>Die Zauberfl\u00f6te<\/strong>&#8220; &#8211; 1.Dame<\/li><li><a href=\"https:\/\/anastasiafendelsopran.de\/?page_id=30#verschiedene-Werke\">einzelne Arien aus verschiedenen Opern<\/a><\/li><\/ul>\t\t\t\t\t\t\t\t<\/div>\n\t\t\t\t<\/div>\n\t\t\t\t\t<\/div>\n\t\t\t\t<\/div>\n\t\t<div class=\"elementor-element elementor-element-3d95e0a e-flex e-con-boxed e-con e-parent\" data-id=\"3d95e0a\" data-element_type=\"container\" data-e-type=\"container\" data-settings=\"{&quot;background_background&quot;:&quot;classic&quot;}\">\n\t\t\t\t\t<div class=\"e-con-inner\">\n\t\t\t\t<div class=\"elementor-element elementor-element-a5b5d7f elementor-widget elementor-widget-spacer\" data-id=\"a5b5d7f\" data-element_type=\"widget\" data-e-type=\"widget\" data-widget_type=\"spacer.default\">\n\t\t\t\t<div class=\"elementor-widget-container\">\n\t\t\t\t\t\t\t<div class=\"elementor-spacer\">\n\t\t\t<div class=\"elementor-spacer-inner\"><\/div>\n\t\t<\/div>\n\t\t\t\t\t\t<\/div>\n\t\t\t\t<\/div>\n\t\t\t\t\t<\/div>\n\t\t\t\t<\/div>\n\t\t<div class=\"elementor-element elementor-element-1e68a50 e-flex e-con-boxed e-con e-parent\" data-id=\"1e68a50\" data-element_type=\"container\" data-e-type=\"container\" data-settings=\"{&quot;background_background&quot;:&quot;classic&quot;}\">\n\t\t\t\t\t<div class=\"e-con-inner\">\n\t\t\t\t<div class=\"elementor-element elementor-element-6e7fbda elementor-widget elementor-widget-heading\" data-id=\"6e7fbda\" data-element_type=\"widget\" data-e-type=\"widget\" data-widget_type=\"heading.default\">\n\t\t\t\t<div class=\"elementor-widget-container\">\n\t\t\t\t\t<h2 class=\"elementor-heading-title elementor-size-default\">Operette<\/h2>\t\t\t\t<\/div>\n\t\t\t\t<\/div>\n\t\t\t\t\t<\/div>\n\t\t\t\t<\/div>\n\t\t<div class=\"elementor-element elementor-element-e6fb0fd e-flex e-con-boxed e-con e-parent\" data-id=\"e6fb0fd\" data-element_type=\"container\" data-e-type=\"container\" data-settings=\"{&quot;background_background&quot;:&quot;classic&quot;}\">\n\t\t\t\t\t<div class=\"e-con-inner\">\n\t\t\t\t<div class=\"elementor-element elementor-element-9b46a9a elementor-widget elementor-widget-text-editor\" data-id=\"9b46a9a\" data-element_type=\"widget\" data-e-type=\"widget\" data-widget_type=\"text-editor.default\">\n\t\t\t\t<div class=\"elementor-widget-container\">\n\t\t\t\t\t\t\t\t\t<h5><span style=\"text-decoration: underline;\">aufgef\u00fchrt:<\/span><\/h5><ul><li>Benatzky: &#8222;<strong>Im wei\u00dfen R\u00f6ssl<\/strong>&#8220; &#8211; Kl\u00e4rchen<\/li><li><a href=\"https:\/\/anastasiafendelsopran.de\/?page_id=30#DerVetterausDingsda\">K\u00fcnneke: &#8222;<strong>Der Vetter aus Dingsda<\/strong>&#8220; &#8211; Hannchen<\/a><\/li><li><a href=\"https:\/\/anastasiafendelsopran.de\/?page_id=30#Fledermaus\">Strauss: <strong>&#8222;Die Fledermaus&#8220;<\/strong> &#8211; Adele<\/a><\/li><\/ul><h5><span style=\"text-decoration: underline;\">studiert:<\/span><\/h5><ul><li>einzelne Arien aus verschiedenen Operetten<\/li><\/ul>\t\t\t\t\t\t\t\t<\/div>\n\t\t\t\t<\/div>\n\t\t\t\t\t<\/div>\n\t\t\t\t<\/div>\n\t\t<div class=\"elementor-element elementor-element-a189387 e-flex e-con-boxed e-con e-parent\" data-id=\"a189387\" data-element_type=\"container\" data-e-type=\"container\" data-settings=\"{&quot;background_background&quot;:&quot;classic&quot;}\">\n\t\t\t\t\t<div class=\"e-con-inner\">\n\t\t\t\t<div class=\"elementor-element elementor-element-e4c102d elementor-widget elementor-widget-spacer\" data-id=\"e4c102d\" data-element_type=\"widget\" data-e-type=\"widget\" data-widget_type=\"spacer.default\">\n\t\t\t\t<div class=\"elementor-widget-container\">\n\t\t\t\t\t\t\t<div class=\"elementor-spacer\">\n\t\t\t<div class=\"elementor-spacer-inner\"><\/div>\n\t\t<\/div>\n\t\t\t\t\t\t<\/div>\n\t\t\t\t<\/div>\n\t\t\t\t\t<\/div>\n\t\t\t\t<\/div>\n\t\t<div class=\"elementor-element elementor-element-d1c758b e-flex e-con-boxed e-con e-parent\" data-id=\"d1c758b\" data-element_type=\"container\" data-e-type=\"container\" data-settings=\"{&quot;background_background&quot;:&quot;classic&quot;}\">\n\t\t\t\t\t<div class=\"e-con-inner\">\n\t\t\t\t<div class=\"elementor-element elementor-element-df58fa8 elementor-widget elementor-widget-heading\" data-id=\"df58fa8\" data-element_type=\"widget\" data-e-type=\"widget\" data-widget_type=\"heading.default\">\n\t\t\t\t<div class=\"elementor-widget-container\">\n\t\t\t\t\t<h2 class=\"elementor-heading-title elementor-size-default\">Konzert\/Oratorium<\/h2>\t\t\t\t<\/div>\n\t\t\t\t<\/div>\n\t\t\t\t\t<\/div>\n\t\t\t\t<\/div>\n\t\t<div class=\"elementor-element elementor-element-3a3832e e-flex e-con-boxed e-con e-parent\" data-id=\"3a3832e\" data-element_type=\"container\" data-e-type=\"container\" data-settings=\"{&quot;background_background&quot;:&quot;classic&quot;}\">\n\t\t\t\t\t<div class=\"e-con-inner\">\n\t\t\t\t<div class=\"elementor-element elementor-element-cd45a08 elementor-widget elementor-widget-text-editor\" data-id=\"cd45a08\" data-element_type=\"widget\" data-e-type=\"widget\" data-widget_type=\"text-editor.default\">\n\t\t\t\t<div class=\"elementor-widget-container\">\n\t\t\t\t\t\t\t\t\t<h5><span style=\"text-decoration: underline;\">aufgef\u00fchrt:<\/span><\/h5><ul><li>Rossini: <strong>&#8222;Petite Messe solennelle\u201c<\/strong> &#8211; Sopranpartie<\/li><\/ul><h5><span style=\"text-decoration: underline;\">studiert:<\/span><\/h5><ul><li>Britten: &#8222;<strong>War Requiem<\/strong>&#8220; &#8211; Sopranpartie<\/li><li>einzelne St\u00fccke aus verschiedenen Werken<\/li><\/ul>\t\t\t\t\t\t\t\t<\/div>\n\t\t\t\t<\/div>\n\t\t\t\t\t<\/div>\n\t\t\t\t<\/div>\n\t\t<div class=\"elementor-element elementor-element-2b11228 e-flex e-con-boxed e-con e-parent\" data-id=\"2b11228\" data-element_type=\"container\" data-e-type=\"container\" data-settings=\"{&quot;background_background&quot;:&quot;classic&quot;}\">\n\t\t\t\t\t<div class=\"e-con-inner\">\n\t\t\t\t<div class=\"elementor-element elementor-element-209543a elementor-widget elementor-widget-spacer\" data-id=\"209543a\" data-element_type=\"widget\" data-e-type=\"widget\" data-widget_type=\"spacer.default\">\n\t\t\t\t<div class=\"elementor-widget-container\">\n\t\t\t\t\t\t\t<div class=\"elementor-spacer\">\n\t\t\t<div class=\"elementor-spacer-inner\"><\/div>\n\t\t<\/div>\n\t\t\t\t\t\t<\/div>\n\t\t\t\t<\/div>\n\t\t\t\t\t<\/div>\n\t\t\t\t<\/div>\n\t\t<div class=\"elementor-element elementor-element-32d9639 e-flex e-con-boxed e-con e-parent\" data-id=\"32d9639\" data-element_type=\"container\" data-e-type=\"container\" data-settings=\"{&quot;background_background&quot;:&quot;classic&quot;}\">\n\t\t\t\t\t<div class=\"e-con-inner\">\n\t\t\t\t<div class=\"elementor-element elementor-element-614403a elementor-widget elementor-widget-heading\" data-id=\"614403a\" data-element_type=\"widget\" data-e-type=\"widget\" data-widget_type=\"heading.default\">\n\t\t\t\t<div class=\"elementor-widget-container\">\n\t\t\t\t\t<h2 class=\"elementor-heading-title elementor-size-default\">Lied<\/h2>\t\t\t\t<\/div>\n\t\t\t\t<\/div>\n\t\t\t\t\t<\/div>\n\t\t\t\t<\/div>\n\t\t<div class=\"elementor-element elementor-element-ff46e90 e-flex e-con-boxed e-con e-parent\" data-id=\"ff46e90\" data-element_type=\"container\" data-e-type=\"container\" data-settings=\"{&quot;background_background&quot;:&quot;classic&quot;}\">\n\t\t\t\t\t<div class=\"e-con-inner\">\n\t\t\t\t<div class=\"elementor-element elementor-element-d88b96d elementor-widget elementor-widget-text-editor\" data-id=\"d88b96d\" data-element_type=\"widget\" data-e-type=\"widget\" data-widget_type=\"text-editor.default\">\n\t\t\t\t<div class=\"elementor-widget-container\">\n\t\t\t\t\t\t\t\t\t<h5><span style=\"text-decoration: underline;\">s\u00e4mtliche Lieder von Komponisten wie:<\/span><\/h5><p>Mozart, Schubert, Bellini, Glinka, Mendelssohn, Schumann, Tschaikowsky, Massenet, Rimski-Korsakow, Duparc, Humperdinck, Herbert, Wolf, Mahler, Strauss, Rachmaninoff, Poulenc und weitere<\/p>\t\t\t\t\t\t\t\t<\/div>\n\t\t\t\t<\/div>\n\t\t\t\t\t<\/div>\n\t\t\t\t<\/div>\n\t\t<div class=\"elementor-element elementor-element-dd6f264 e-flex e-con-boxed e-con e-parent\" data-id=\"dd6f264\" data-element_type=\"container\" data-e-type=\"container\" data-settings=\"{&quot;background_background&quot;:&quot;classic&quot;}\">\n\t\t\t\t\t<div class=\"e-con-inner\">\n\t\t\t\t<div class=\"elementor-element elementor-element-d4fa790 elementor-widget elementor-widget-spacer\" data-id=\"d4fa790\" data-element_type=\"widget\" data-e-type=\"widget\" data-widget_type=\"spacer.default\">\n\t\t\t\t<div class=\"elementor-widget-container\">\n\t\t\t\t\t\t\t<div class=\"elementor-spacer\">\n\t\t\t<div class=\"elementor-spacer-inner\"><\/div>\n\t\t<\/div>\n\t\t\t\t\t\t<\/div>\n\t\t\t\t<\/div>\n\t\t\t\t\t<\/div>\n\t\t\t\t<\/div>\n\t\t<div class=\"elementor-element elementor-element-831f556 e-flex e-con-boxed e-con e-parent\" data-id=\"831f556\" data-element_type=\"container\" data-e-type=\"container\" data-settings=\"{&quot;background_background&quot;:&quot;classic&quot;}\">\n\t\t\t\t\t<div class=\"e-con-inner\">\n\t\t\t\t<div class=\"elementor-element elementor-element-87dd488 elementor-widget elementor-widget-heading\" data-id=\"87dd488\" data-element_type=\"widget\" data-e-type=\"widget\" data-widget_type=\"heading.default\">\n\t\t\t\t<div class=\"elementor-widget-container\">\n\t\t\t\t\t<h2 class=\"elementor-heading-title elementor-size-default\">Chor<\/h2>\t\t\t\t<\/div>\n\t\t\t\t<\/div>\n\t\t\t\t\t<\/div>\n\t\t\t\t<\/div>\n\t\t<div class=\"elementor-element elementor-element-65ae53e e-flex e-con-boxed e-con e-parent\" data-id=\"65ae53e\" data-element_type=\"container\" data-e-type=\"container\" data-settings=\"{&quot;background_background&quot;:&quot;classic&quot;}\">\n\t\t\t\t\t<div class=\"e-con-inner\">\n\t\t\t\t<div class=\"elementor-element elementor-element-7502818 elementor-widget elementor-widget-text-editor\" data-id=\"7502818\" data-element_type=\"widget\" data-e-type=\"widget\" data-widget_type=\"text-editor.default\">\n\t\t\t\t<div class=\"elementor-widget-container\">\n\t\t\t\t\t\t\t\t\t<h5><span style=\"text-decoration: underline;\">Oper:<\/span><\/h5><ul><li>Benatzky: <strong>&#8222;Im wei\u00dfen R\u00f6ssl&#8220;<\/strong><\/li><li>Berg: <strong>&#8222;Wozzeck&#8220;<\/strong><\/li><li>Bizet: <strong>\u201eCarmen\u201c<\/strong><\/li><li>Britten: <strong>\u201ePeter Grimes\u201c<\/strong><\/li><li><a href=\"https:\/\/anastasiafendelsopran.de\/?page_id=30#Medea\">Cherubini: <strong>\u201eMedea\u201c<\/strong><\/a><\/li><li>Donizetti: <strong>\u201eLucia di Lammermoor\u201c<\/strong><\/li><li>Ehrenfellner: <strong>\u201eKarl und Anna\u201c (Urauff\u00fchrung)<\/strong><\/li><li>Mozart:<strong> \u201eDie Zauberfl\u00f6te\u201c<\/strong><\/li><li>Mozart: <strong>\u201eLa clemenza di Tito\u201c<\/strong><\/li><li><a href=\"https:\/\/anastasiafendelsopran.de\/?page_id=30#LeNozzeChor\">Mozart: <strong>\u201eLe nozze di Figaro\u201c<\/strong><\/a><\/li><li>Offenbach: <strong>\u201eHoffmanns Erz\u00e4hlungen\u201c<\/strong><\/li><li><a href=\"https:\/\/anastasiafendelsopran.de\/?page_id=30#Eugen-Onegin\">Tschaikowsky: <strong>\u201eEugen Onegin\u201c<\/strong><\/a><\/li><li>Verdi: <strong>\u201eFalstaff\u201c<\/strong><\/li><li>Verdi: &#8222;La Traviata&#8220;<\/li><\/ul><h5><span style=\"text-decoration: underline;\">Konzert:<\/span><\/h5><ul><li>Beethoven: <strong>\u201eBeethovens 9th Sinfonie&#8220;<\/strong><\/li><li>Haydn: <strong>\u201eDie Jahreszeiten\u201c<\/strong><\/li><li>Mahler: <strong>\u201e2 Sinfonie\u201c<\/strong><\/li><\/ul>\t\t\t\t\t\t\t\t<\/div>\n\t\t\t\t<\/div>\n\t\t\t\t\t<\/div>\n\t\t\t\t<\/div>\n\t\t<div class=\"elementor-element elementor-element-96d35b7 e-flex e-con-boxed e-con e-parent\" data-id=\"96d35b7\" data-element_type=\"container\" data-e-type=\"container\" data-settings=\"{&quot;background_background&quot;:&quot;classic&quot;}\">\n\t\t\t\t\t<div class=\"e-con-inner\">\n\t\t\t\t<div class=\"elementor-element elementor-element-9f2a9b7 elementor-widget elementor-widget-spacer\" data-id=\"9f2a9b7\" data-element_type=\"widget\" data-e-type=\"widget\" data-widget_type=\"spacer.default\">\n\t\t\t\t<div class=\"elementor-widget-container\">\n\t\t\t\t\t\t\t<div class=\"elementor-spacer\">\n\t\t\t<div class=\"elementor-spacer-inner\"><\/div>\n\t\t<\/div>\n\t\t\t\t\t\t<\/div>\n\t\t\t\t<\/div>\n\t\t\t\t\t<\/div>\n\t\t\t\t<\/div>\n\t\t<div class=\"elementor-element elementor-element-966f454 e-flex e-con-boxed e-con e-parent\" data-id=\"966f454\" data-element_type=\"container\" data-e-type=\"container\" data-settings=\"{&quot;background_background&quot;:&quot;classic&quot;}\">\n\t\t\t\t\t<div class=\"e-con-inner\">\n\t\t\t\t<div class=\"elementor-element elementor-element-2531312 elementor-widget elementor-widget-text-editor\" data-id=\"2531312\" data-element_type=\"widget\" data-e-type=\"widget\" data-widget_type=\"text-editor.default\">\n\t\t\t\t<div class=\"elementor-widget-container\">\n\t\t\t\t\t\t\t\t\t<p>Foto: Katharina Gebauer<\/p>\t\t\t\t\t\t\t\t<\/div>\n\t\t\t\t<\/div>\n\t\t\t\t\t<\/div>\n\t\t\t\t<\/div>\n\t\t<div class=\"elementor-element elementor-element-a01802d e-flex e-con-boxed e-con e-parent\" data-id=\"a01802d\" data-element_type=\"container\" data-e-type=\"container\" data-settings=\"{&quot;background_background&quot;:&quot;classic&quot;}\">\n\t\t\t\t\t<div class=\"e-con-inner\">\n\t\t\t\t<div class=\"elementor-element elementor-element-41bf66d elementor-widget elementor-widget-spacer\" data-id=\"41bf66d\" data-element_type=\"widget\" data-e-type=\"widget\" data-widget_type=\"spacer.default\">\n\t\t\t\t<div class=\"elementor-widget-container\">\n\t\t\t\t\t\t\t<div class=\"elementor-spacer\">\n\t\t\t<div class=\"elementor-spacer-inner\"><\/div>\n\t\t<\/div>\n\t\t\t\t\t\t<\/div>\n\t\t\t\t<\/div>\n\t\t\t\t\t<\/div>\n\t\t\t\t<\/div>\n\t\t<div class=\"elementor-element elementor-element-2e6dc15 e-flex e-con-boxed e-con e-parent\" data-id=\"2e6dc15\" data-element_type=\"container\" data-e-type=\"container\" data-settings=\"{&quot;background_background&quot;:&quot;classic&quot;}\">\n\t\t\t\t\t<div class=\"e-con-inner\">\n\t\t\t\t<div class=\"elementor-element elementor-element-66555b6 elementor-widget elementor-widget-wpzoom-social-icons-widget-cpt\" data-id=\"66555b6\" data-element_type=\"widget\" data-e-type=\"widget\" data-widget_type=\"wpzoom-social-icons-widget-cpt.default\">\n\t\t\t\t<div class=\"elementor-widget-container\">\n\t\t\t\t\t<div class=\"wpzoom-social-icons-post-shortcode\"><section class=\"zoom-social-icons-shortcode\">\n\t\t\n<ul class=\"zoom-social-icons-list zoom-social-icons-list--with-canvas zoom-social-icons-list--round zoom-social-icons-list--no-labels\">\n\n\t\t\n\t\t\t\t<li class=\"zoom-social_icons-list__item\">\n\t\t<a class=\"zoom-social_icons-list__link\" href=\"https:\/\/www.instagram.com\/anastasia_sopran\/\" target=\"_blank\" title=\"Instagram\" >\n\t\t\t\t\t\t\t\t\t\n\t\t\t\t\t\t<span class=\"screen-reader-text\">instagram<\/span>\n\t\t\t\n\t\t\t\t\t\t<span class=\"zoom-social_icons-list-span social-icon socicon socicon-instagram\" data-hover-rule=\"background-color\" data-hover-color=\"#e4405f\" style=\"background-color : #e4405f; font-size: 18px; padding:8px\" ><\/span>\n\t\t\t\n\t\t\t\t\t<\/a>\n\t<\/li>\n\n\t\n\t\t\t\t<li class=\"zoom-social_icons-list__item\">\n\t\t<a class=\"zoom-social_icons-list__link\" href=\"https:\/\/www.facebook.com\/himbeere.himbeerchen?rdid=9ixCH5nGwJFdAg6Z&#038;share_url=https%3A%2F%2Fwww.facebook.com%2Fshare%2F1A9ha4gvhx%2F#\" target=\"_blank\" title=\"Youtube\" >\n\t\t\t\t\t\t\t\t\t\n\t\t\t\t\t\t<span class=\"screen-reader-text\">facebook<\/span>\n\t\t\t\n\t\t\t\t\t\t<span class=\"zoom-social_icons-list-span social-icon socicon socicon-facebook\" data-hover-rule=\"background-color\" data-hover-color=\"#0866FF\" style=\"background-color : #0866FF; font-size: 18px; padding:8px\" ><\/span>\n\t\t\t\n\t\t\t\t\t<\/a>\n\t<\/li>\n\n\t\n\t\t\t\t<li class=\"zoom-social_icons-list__item\">\n\t\t<a class=\"zoom-social_icons-list__link\" href=\"https:\/\/www.youtube.com\/@anastasiasoprano\" target=\"_blank\" title=\"Youtube\" >\n\t\t\t\t\t\t\t\t\t\n\t\t\t\t\t\t<span class=\"screen-reader-text\">youtube<\/span>\n\t\t\t\n\t\t\t\t\t\t<span class=\"zoom-social_icons-list-span social-icon socicon socicon-youtube\" data-hover-rule=\"background-color\" data-hover-color=\"#e02a20\" style=\"background-color : #e02a20; font-size: 18px; padding:8px\" ><\/span>\n\t\t\t\n\t\t\t\t\t<\/a>\n\t<\/li>\n\n\t\n<\/ul>\n\n\t\t<\/section><\/div>\t\t\t\t<\/div>\n\t\t\t\t<\/div>\n\t\t\t\t\t<\/div>\n\t\t\t\t<\/div>\n\t\t\t\t<\/div>\n\t\t","protected":false},"excerpt":{"rendered":"<p>Repertoire Oper aufgef\u00fchrt: Ehrenfellner: &#8222;Karl und Anna&#8220; (Urauff\u00fchrung) &#8211; Elfie Donizetti: &#8222;L\u00b4elisir d\u00b4amore&#8220; &#8211; Gianetta Mozart: &#8222;Die Zauberfl\u00f6te&#8220; &#8211; 1.Knabe Mozart: &#8222;Le nozze di Figaro&#8220; &#8211; 1.Donna studiert: Beethoven: &#8222;Fidelio&#8220; &#8211; Marzeline Mozart: &#8222;Die Zauberfl\u00f6te&#8220; &#8211; 1.Dame einzelne Arien aus verschiedenen Opern Operette aufgef\u00fchrt: Benatzky: &#8222;Im wei\u00dfen R\u00f6ssl&#8220; &#8211; Kl\u00e4rchen K\u00fcnneke: &#8222;Der Vetter aus Dingsda&#8220; [&hellip;]<\/p>\n","protected":false},"author":1,"featured_media":0,"parent":0,"menu_order":0,"comment_status":"closed","ping_status":"closed","template":"elementor_header_footer","meta":{"footnotes":""},"class_list":["post-19","page","type-page","status-publish","hentry"],"_links":{"self":[{"href":"https:\/\/anastasiafendelsopran.de\/index.php?rest_route=\/wp\/v2\/pages\/19","targetHints":{"allow":["GET"]}}],"collection":[{"href":"https:\/\/anastasiafendelsopran.de\/index.php?rest_route=\/wp\/v2\/pages"}],"about":[{"href":"https:\/\/anastasiafendelsopran.de\/index.php?rest_route=\/wp\/v2\/types\/page"}],"author":[{"embeddable":true,"href":"https:\/\/anastasiafendelsopran.de\/index.php?rest_route=\/wp\/v2\/users\/1"}],"replies":[{"embeddable":true,"href":"https:\/\/anastasiafendelsopran.de\/index.php?rest_route=%2Fwp%2Fv2%2Fcomments&post=19"}],"version-history":[{"count":247,"href":"https:\/\/anastasiafendelsopran.de\/index.php?rest_route=\/wp\/v2\/pages\/19\/revisions"}],"predecessor-version":[{"id":1674,"href":"https:\/\/anastasiafendelsopran.de\/index.php?rest_route=\/wp\/v2\/pages\/19\/revisions\/1674"}],"wp:attachment":[{"href":"https:\/\/anastasiafendelsopran.de\/index.php?rest_route=%2Fwp%2Fv2%2Fmedia&parent=19"}],"curies":[{"name":"wp","href":"https:\/\/api.w.org\/{rel}","templated":true}]}}